{"id":503,"date":"2023-10-16T06:59:13","date_gmt":"2023-10-16T06:59:13","guid":{"rendered":"https:\/\/nmctarim.com\/?post_type=product&#038;p=503"},"modified":"2024-08-05T09:44:06","modified_gmt":"2024-08-05T09:44:06","slug":"netafim-2-lt-drip-takimi-damlatici","status":"publish","type":"product","link":"https:\/\/www.nmctarim.com\/index.php\/product\/netafim-2-lt-drip-takimi-damlatici\/","title":{"rendered":"NETAF\u0130M 2 lt Drip Tak\u0131m\u0131 (damlat\u0131c\u0131)"},"content":{"rendered":"<p>NETAF\u0130M 2 lt Bas\u0131n\u00e7 Ayarl\u0131 Drip Tak\u0131m\u0131 (damlat\u0131c\u0131)<\/p>\n<p>Koli adedi 1000 tanedir.<\/p>\n<p>\u00d6zellikle topraks\u0131z tar\u0131m sulamas\u0131nda kullan\u0131lan bu \u00fcr\u00fcn farkl\u0131 sulama alanlar\u0131 i\u00e7in de kullan\u0131ma uygundur.<\/p>\n<p>\u00dcr\u00fcn tak\u0131m halinde sat\u0131lmaktad\u0131r. Kaz\u0131\u011f\u0131,ucu ve spagetti borusu ile kutulan\u0131r.<\/p>\n<p>Netafim Topraks\u0131z Tar\u0131m Sulama ve Otomasyon Sistemleri Olarak \u00dcr\u00fcn G\u00fcncel Fiyatlar\u0131 web Sitemizde Mevcuttur.<\/p>\n<p>\u00dcr\u00fcn 2 lt &#8211; 3 lt &#8211; 4 lt &#8211; 8 lt Olarak S\u0131n\u0131rl\u0131d\u0131r.<\/p>\n","protected":false},"excerpt":{"rendered":"<p>Koli adedi 1000 tanedir. \u00d6zellikle topraks\u0131z tar\u0131m sulamas\u0131nda kullan\u0131lan bu \u00fcr\u00fcn farkl\u0131 sulama alanlar\u0131 i\u00e7in de kullan\u0131ma uygundur. \u00dcr\u00fcn tak\u0131m halinde sat\u0131lmaktad\u0131r. Kaz\u0131\u011f\u0131,ucu ve spagetti borusu ile kutulan\u0131r.<\/p>\n","protected":false},"featured_media":504,"comment_status":"open","ping_status":"closed","template":"","meta":{"om_disable_all_campaigns":false,"_monsterinsights_skip_tracking":false,"_monsterinsights_sitenote_active":false,"_monsterinsights_sitenote_note":"","_monsterinsights_sitenote_category":0,"jetpack_publicize_message":"","jetpack_publicize_feature_enabled":true,"jetpack_social_post_already_shared":false,"jetpack_social_options":{"image_generator_settings":{"template":"highway","default_image_id":0,"font":"","enabled":false},"version":2}},"product_brand":[],"product_cat":[28],"product_tag":[65,242,241,243,244,82],"class_list":{"0":"post-503","1":"product","2":"type-product","3":"status-publish","4":"has-post-thumbnail","6":"product_cat-sera-sulama","7":"product_tag-netafim","8":"product_tag-netafim-drip-fiyatlari","9":"product_tag-netafim-drip-takimi","10":"product_tag-netafim-pc-damlatici","11":"product_tag-netafim-pc-damlatici-fiyati","12":"product_tag-netafim-sulama","14":"first","15":"instock","16":"shipping-taxable","17":"purchasable","18":"product-type-simple"},"aioseo_notices":[],"jetpack_publicize_connections":[],"jetpack_sharing_enabled":true,"_links":{"self":[{"href":"https:\/\/www.nmctarim.com\/index.php\/wp-json\/wp\/v2\/product\/503","targetHints":{"allow":["GET"]}}],"collection":[{"href":"https:\/\/www.nmctarim.com\/index.php\/wp-json\/wp\/v2\/product"}],"about":[{"href":"https:\/\/www.nmctarim.com\/index.php\/wp-json\/wp\/v2\/types\/product"}],"replies":[{"embeddable":true,"href":"https:\/\/www.nmctarim.com\/index.php\/wp-json\/wp\/v2\/comments?post=503"}],"wp:featuredmedia":[{"embeddable":true,"href":"https:\/\/www.nmctarim.com\/index.php\/wp-json\/wp\/v2\/media\/504"}],"wp:attachment":[{"href":"https:\/\/www.nmctarim.com\/index.php\/wp-json\/wp\/v2\/media?parent=503"}],"wp:term":[{"taxonomy":"product_brand","embeddable":true,"href":"https:\/\/www.nmctarim.com\/index.php\/wp-json\/wp\/v2\/product_brand?post=503"},{"taxonomy":"product_cat","embeddable":true,"href":"https:\/\/www.nmctarim.com\/index.php\/wp-json\/wp\/v2\/product_cat?post=503"},{"taxonomy":"product_tag","embeddable":true,"href":"https:\/\/www.nmctarim.com\/index.php\/wp-json\/wp\/v2\/product_tag?post=503"}],"curies":[{"name":"wp","href":"https:\/\/api.w.org\/{rel}","templated":true}]}}