{"id":456,"date":"2023-10-03T09:31:21","date_gmt":"2023-10-03T09:31:21","guid":{"rendered":"https:\/\/nmctarim.com\/?post_type=product&#038;p=456"},"modified":"2025-04-26T12:08:41","modified_gmt":"2025-04-26T12:08:41","slug":"pvc-yapistirma-muflu-kuresel-vana","status":"publish","type":"product","link":"https:\/\/www.nmctarim.com\/index.php\/product\/pvc-yapistirma-muflu-kuresel-vana\/","title":{"rendered":"Pvc Yap\u0131\u015ft\u0131rma Muflu K\u00fcresel Vana"},"content":{"rendered":"<h1>Pvc Yap\u0131\u015ft\u0131rma Muflu K\u00fcresel Vana<\/h1>\n<p><img data-recalc-dims=\"1\" loading=\"lazy\" decoding=\"async\" class=\"alignnone wp-image-458 size-full\" src=\"https:\/\/i0.wp.com\/nmctarim.com\/wp-content\/uploads\/2023\/10\/pvc-koresel-vana.png?resize=952%2C497&#038;ssl=1\" alt=\"\" width=\"952\" height=\"497\" srcset=\"https:\/\/i0.wp.com\/www.nmctarim.com\/wp-content\/uploads\/2023\/10\/pvc-koresel-vana.png?w=952&amp;ssl=1 952w, https:\/\/i0.wp.com\/www.nmctarim.com\/wp-content\/uploads\/2023\/10\/pvc-koresel-vana.png?resize=300%2C157&amp;ssl=1 300w, https:\/\/i0.wp.com\/www.nmctarim.com\/wp-content\/uploads\/2023\/10\/pvc-koresel-vana.png?resize=768%2C401&amp;ssl=1 768w, https:\/\/i0.wp.com\/www.nmctarim.com\/wp-content\/uploads\/2023\/10\/pvc-koresel-vana.png?resize=600%2C313&amp;ssl=1 600w\" sizes=\"auto, (max-width: 952px) 100vw, 952px\" \/><\/p>\n<p>U-PVC YAPI\u015eTIRMA MUFLU <a href=\"http:\/\/nmctarim.com\">K\u00dcRESEL SU VANASI<\/a> TEKN\u0130K \u00d6ZELL\u0130KLER\u0130<\/p>\n<div>\u00c7aplar :\u00a0\u00d816 &#8211; \u00d8110<\/div>\n<div>Bas\u0131n\u00e7 De\u011feri :\u00a0PN16<\/div>\n<div>Kullan\u0131m S\u0131cakl\u0131\u011f\u0131 :\u00a00-50\u00b0C<\/div>\n<div>Vana ba\u011flant\u0131lar\u0131 :\u00a0ISO, ANSI, BS gibi uluslararas\u0131 standarda uygundur.<\/div>\n<div><\/div>\n<h3>U-PVC YAPI\u015eTIRMA MUFLU K\u00dcRESEL SU VANASI \u00d6ZELL\u0130KLER\u0130<\/h3>\n<ul>\n<li>Uzun \u00f6m\u00fcrl\u00fcd\u00fcr.<\/li>\n<li>Dayan\u0131kl\u0131d\u0131r.<\/li>\n<li>Kimyasal maddelere kar\u015f\u0131 y\u00fcksek diren\u00e7lidir.<\/li>\n<li>\u00c7evre dostudur. \u0130\u00e7inde ta\u015f\u0131d\u0131\u011f\u0131 suyun rengi, kokusu ve tad\u0131 de\u011fi\u015fmez.<\/li>\n<li>\u00d6zel dizayn contas\u0131 sayesinde s\u0131zd\u0131rmazd\u0131r.<\/li>\n<li>Kurulum kolayl\u0131\u011f\u0131 sa\u011flar.<\/li>\n<li>M\u00fckemmel hidrolik ak\u0131\u015fa sahiptir.<\/li>\n<\/ul>\n<div><\/div>\n<h3>U-PVC YAPI\u015eTIRMA MUFLU K\u00dcRESEL SU VANASI NEREDE KULLANILIR?<\/h3>\n<p>K\u00fcresel vana, hattan ge\u00e7en ak\u0131\u015f\u0131 delikli ve d\u00f6ner k\u00fcre yoluyla kontrol eden vana \u00e7e\u015fididir. Vana kolunun 90 derecelik hareketi ile kontrol edilebilen vanalard\u0131r. Kolun 90 derece d\u00f6nd\u00fcr\u00fclmesiyle vana kapal\u0131 konuma getirilerek ak\u0131\u015f durdurulabilir ya da y\u00f6n tayin edilebilir. G\u00f6vde tipi tek, iki ya da \u00fc\u00e7 par\u00e7al\u0131 olacak \u015fekilde \u00fcretilebilen k\u00fcresel vanalar flan\u015fl\u0131, di\u015fli ya da kaynak ba\u011flant\u0131l\u0131 olarak \u00fcretilmektedir. Gerekti\u011fi durumlarda dis\u0327li dirsek ile borulara ba\u011flant\u0131s\u0131 yap\u0131labilir. Di\u015fli dirseklerin dayan\u0131kl\u0131 olmas\u0131 tamamlay\u0131c\u0131l\u0131k a\u00e7\u0131s\u0131ndan \u00f6nemlidir. K\u00fcresel vanalarda k\u00fcreyi yataklayan contalar genellikle pvc malzemeden \u00fcretilir.<\/p>\n","protected":false},"excerpt":{"rendered":"<p>Pvc Yap\u0131\u015ft\u0131rma Muflu K\u00fcresel Vana U-PVC YAPI\u015eTIRMA MUFLU K\u00dcRESEL SU VANASI TEKN\u0130K \u00d6ZELL\u0130KLER\u0130 \u00c7aplar :\u00a0\u00d816 &#8211; \u00d8110 Bas\u0131n\u00e7 De\u011feri :\u00a0PN16 Kullan\u0131m S\u0131cakl\u0131\u011f\u0131 :\u00a00-50\u00b0C Vana ba\u011flant\u0131lar\u0131 :\u00a0ISO, ANSI, BS gibi uluslararas\u0131 standarda uygundur. U-PVC YAPI\u015eTIRMA MUFLU K\u00dcRESEL SU VANASI \u00d6ZELL\u0130KLER\u0130 Uzun \u00f6m\u00fcrl\u00fcd\u00fcr. Dayan\u0131kl\u0131d\u0131r. Kimyasal maddelere kar\u015f\u0131 y\u00fcksek diren\u00e7lidir. \u00c7evre dostudur. \u0130\u00e7inde ta\u015f\u0131d\u0131\u011f\u0131 suyun rengi, kokusu ve..<\/p>\n","protected":false},"featured_media":457,"comment_status":"open","ping_status":"closed","template":"","meta":{"om_disable_all_campaigns":false,"_monsterinsights_skip_tracking":false,"_monsterinsights_sitenote_active":false,"_monsterinsights_sitenote_note":"","_monsterinsights_sitenote_category":0,"jetpack_publicize_message":"","jetpack_publicize_feature_enabled":true,"jetpack_social_post_already_shared":false,"jetpack_social_options":{"image_generator_settings":{"template":"highway","default_image_id":0,"font":"","enabled":false},"version":2}},"product_brand":[],"product_cat":[131],"product_tag":[198,210,202,224,223],"class_list":{"0":"post-456","1":"product","2":"type-product","3":"status-publish","4":"has-post-thumbnail","6":"product_cat-pvc-fittings-urunler","7":"product_tag-pimtas","8":"product_tag-pimtas-urun-fiyatlari","9":"product_tag-pimtas-urunler","10":"product_tag-pimtas-urunler-fiyati","11":"product_tag-pvc-yapistirma-muflu-kuresel-vana","13":"first","14":"instock","15":"shipping-taxable","16":"purchasable","17":"product-type-simple"},"aioseo_notices":[],"jetpack_publicize_connections":[],"jetpack_sharing_enabled":true,"_links":{"self":[{"href":"https:\/\/www.nmctarim.com\/index.php\/wp-json\/wp\/v2\/product\/456","targetHints":{"allow":["GET"]}}],"collection":[{"href":"https:\/\/www.nmctarim.com\/index.php\/wp-json\/wp\/v2\/product"}],"about":[{"href":"https:\/\/www.nmctarim.com\/index.php\/wp-json\/wp\/v2\/types\/product"}],"replies":[{"embeddable":true,"href":"https:\/\/www.nmctarim.com\/index.php\/wp-json\/wp\/v2\/comments?post=456"}],"wp:featuredmedia":[{"embeddable":true,"href":"https:\/\/www.nmctarim.com\/index.php\/wp-json\/wp\/v2\/media\/457"}],"wp:attachment":[{"href":"https:\/\/www.nmctarim.com\/index.php\/wp-json\/wp\/v2\/media?parent=456"}],"wp:term":[{"taxonomy":"product_brand","embeddable":true,"href":"https:\/\/www.nmctarim.com\/index.php\/wp-json\/wp\/v2\/product_brand?post=456"},{"taxonomy":"product_cat","embeddable":true,"href":"https:\/\/www.nmctarim.com\/index.php\/wp-json\/wp\/v2\/product_cat?post=456"},{"taxonomy":"product_tag","embeddable":true,"href":"https:\/\/www.nmctarim.com\/index.php\/wp-json\/wp\/v2\/product_tag?post=456"}],"curies":[{"name":"wp","href":"https:\/\/api.w.org\/{rel}","templated":true}]}}