{"id":251,"date":"2023-09-27T07:53:48","date_gmt":"2023-09-27T07:53:48","guid":{"rendered":"https:\/\/nmctarim.com\/?post_type=product&#038;p=251"},"modified":"2025-04-26T12:08:51","modified_gmt":"2025-04-26T12:08:51","slug":"netafim-selenoid-vanalar","status":"publish","type":"product","link":"https:\/\/www.nmctarim.com\/index.php\/product\/netafim-selenoid-vanalar\/","title":{"rendered":"NETAF\u0130M SELENO\u0130D VANALAR"},"content":{"rendered":"<p>NETAF\u0130M SELENO\u0130D VANALAR F\u0130YATLARI<\/p>\n<p><img data-recalc-dims=\"1\" loading=\"lazy\" decoding=\"async\" class=\"size-medium wp-image-252\" src=\"https:\/\/i0.wp.com\/nmctarim.com\/wp-content\/uploads\/2023\/09\/NETAFIM-SELENOID-VANALAR-FIYATI-243x300.png?resize=300%2C300&#038;ssl=1\" alt=\"NETAF\u0130M SELENO\u0130D VANALAR F\u0130YATI\" width=\"300\" height=\"300\" srcset=\"https:\/\/i0.wp.com\/www.nmctarim.com\/wp-content\/uploads\/2023\/09\/NETAFIM-SELENOID-VANALAR-FIYATI.png?resize=150%2C150&amp;ssl=1 150w, https:\/\/i0.wp.com\/www.nmctarim.com\/wp-content\/uploads\/2023\/09\/NETAFIM-SELENOID-VANALAR-FIYATI.png?resize=300%2C300&amp;ssl=1 300w, https:\/\/i0.wp.com\/www.nmctarim.com\/wp-content\/uploads\/2023\/09\/NETAFIM-SELENOID-VANALAR-FIYATI.png?resize=100%2C100&amp;ssl=1 100w\" sizes=\"auto, (max-width: 300px) 100vw, 300px\" \/><\/p>\n<p><img data-recalc-dims=\"1\" loading=\"lazy\" decoding=\"async\" class=\"size-medium wp-image-255\" src=\"https:\/\/i0.wp.com\/nmctarim.com\/wp-content\/uploads\/2023\/09\/NETAFIM-SELENOID-VANALAR-FIYATI-4-300x93.png?resize=300%2C93&#038;ssl=1\" alt=\"NETAF\u0130M SELENO\u0130D VANALAR F\u0130YATI\" width=\"300\" height=\"93\" srcset=\"https:\/\/i0.wp.com\/www.nmctarim.com\/wp-content\/uploads\/2023\/09\/NETAFIM-SELENOID-VANALAR-FIYATI-4.png?resize=300%2C93&amp;ssl=1 300w, https:\/\/i0.wp.com\/www.nmctarim.com\/wp-content\/uploads\/2023\/09\/NETAFIM-SELENOID-VANALAR-FIYATI-4.png?resize=768%2C237&amp;ssl=1 768w, https:\/\/i0.wp.com\/www.nmctarim.com\/wp-content\/uploads\/2023\/09\/NETAFIM-SELENOID-VANALAR-FIYATI-4.png?resize=600%2C185&amp;ssl=1 600w, https:\/\/i0.wp.com\/www.nmctarim.com\/wp-content\/uploads\/2023\/09\/NETAFIM-SELENOID-VANALAR-FIYATI-4.png?w=819&amp;ssl=1 819w\" sizes=\"auto, (max-width: 300px) 100vw, 300px\" \/><\/p>\n<p><img data-recalc-dims=\"1\" loading=\"lazy\" decoding=\"async\" class=\"size-medium wp-image-253\" src=\"https:\/\/i0.wp.com\/nmctarim.com\/wp-content\/uploads\/2023\/09\/NETAFIM-SELENOID-VANALAR-FIYATI-2-300x295.png?resize=300%2C295&#038;ssl=1\" alt=\"NETAF\u0130M SELENO\u0130D VANALAR F\u0130YATI\" width=\"300\" height=\"295\" srcset=\"https:\/\/i0.wp.com\/www.nmctarim.com\/wp-content\/uploads\/2023\/09\/NETAFIM-SELENOID-VANALAR-FIYATI-2.png?resize=300%2C295&amp;ssl=1 300w, https:\/\/i0.wp.com\/www.nmctarim.com\/wp-content\/uploads\/2023\/09\/NETAFIM-SELENOID-VANALAR-FIYATI-2.png?w=540&amp;ssl=1 540w\" sizes=\"auto, (max-width: 300px) 100vw, 300px\" \/><\/p>\n<p><img data-recalc-dims=\"1\" loading=\"lazy\" decoding=\"async\" class=\"size-medium wp-image-254\" src=\"https:\/\/i0.wp.com\/nmctarim.com\/wp-content\/uploads\/2023\/09\/NETAFIM-SELENOID-VANALAR-FIYATI-3-300x229.png?resize=300%2C229&#038;ssl=1\" alt=\"NETAF\u0130M SELENO\u0130D VANALAR F\u0130YATI\" width=\"300\" height=\"229\" srcset=\"https:\/\/i0.wp.com\/www.nmctarim.com\/wp-content\/uploads\/2023\/09\/NETAFIM-SELENOID-VANALAR-FIYATI-3.png?resize=300%2C229&amp;ssl=1 300w, https:\/\/i0.wp.com\/www.nmctarim.com\/wp-content\/uploads\/2023\/09\/NETAFIM-SELENOID-VANALAR-FIYATI-3.png?resize=600%2C457&amp;ssl=1 600w, https:\/\/i0.wp.com\/www.nmctarim.com\/wp-content\/uploads\/2023\/09\/NETAFIM-SELENOID-VANALAR-FIYATI-3.png?w=614&amp;ssl=1 614w\" sizes=\"auto, (max-width: 300px) 100vw, 300px\" \/><\/p>\n","protected":false},"excerpt":{"rendered":"<p>NETAF\u0130M AQUANET SELENO\u0130D VANALAR F\u0130YATLARI<\/p>\n","protected":false},"featured_media":256,"comment_status":"open","ping_status":"closed","template":"","meta":{"om_disable_all_campaigns":false,"_monsterinsights_skip_tracking":false,"_monsterinsights_sitenote_active":false,"_monsterinsights_sitenote_note":"","_monsterinsights_sitenote_category":0,"jetpack_publicize_message":"","jetpack_publicize_feature_enabled":true,"jetpack_social_post_already_shared":false,"jetpack_social_options":{"image_generator_settings":{"template":"highway","default_image_id":0,"font":"","enabled":false},"version":2}},"product_brand":[],"product_cat":[36,79,111,28],"product_tag":[65,117,116,85,113,115,114,112],"class_list":{"0":"post-251","1":"product","2":"type-product","3":"status-publish","4":"has-post-thumbnail","6":"product_cat-bahce-sulama","7":"product_cat-damlama-borusu","8":"product_cat-selenoid-vanalar","9":"product_cat-sera-sulama","10":"product_tag-netafim","11":"product_tag-netafim-aquanet-vana-fiyati","12":"product_tag-netafim-aquanet-vana-fiyatlari","13":"product_tag-netafim-aries-damla-sulama-borusu","14":"product_tag-netafim-selenoid-vana","15":"product_tag-netafim-selenoid-vana-fiyati","16":"product_tag-netafim-selenoid-vana-fiyatlari","17":"product_tag-netafim-selenoid-vanalar-fiyatlari","19":"first","20":"instock","21":"shipping-taxable","22":"purchasable","23":"product-type-simple"},"aioseo_notices":[],"jetpack_publicize_connections":[],"jetpack_sharing_enabled":true,"_links":{"self":[{"href":"https:\/\/www.nmctarim.com\/index.php\/wp-json\/wp\/v2\/product\/251","targetHints":{"allow":["GET"]}}],"collection":[{"href":"https:\/\/www.nmctarim.com\/index.php\/wp-json\/wp\/v2\/product"}],"about":[{"href":"https:\/\/www.nmctarim.com\/index.php\/wp-json\/wp\/v2\/types\/product"}],"replies":[{"embeddable":true,"href":"https:\/\/www.nmctarim.com\/index.php\/wp-json\/wp\/v2\/comments?post=251"}],"wp:featuredmedia":[{"embeddable":true,"href":"https:\/\/www.nmctarim.com\/index.php\/wp-json\/wp\/v2\/media\/256"}],"wp:attachment":[{"href":"https:\/\/www.nmctarim.com\/index.php\/wp-json\/wp\/v2\/media?parent=251"}],"wp:term":[{"taxonomy":"product_brand","embeddable":true,"href":"https:\/\/www.nmctarim.com\/index.php\/wp-json\/wp\/v2\/product_brand?post=251"},{"taxonomy":"product_cat","embeddable":true,"href":"https:\/\/www.nmctarim.com\/index.php\/wp-json\/wp\/v2\/product_cat?post=251"},{"taxonomy":"product_tag","embeddable":true,"href":"https:\/\/www.nmctarim.com\/index.php\/wp-json\/wp\/v2\/product_tag?post=251"}],"curies":[{"name":"wp","href":"https:\/\/api.w.org\/{rel}","templated":true}]}}