{"id":236,"date":"2023-09-27T06:45:45","date_gmt":"2023-09-27T06:45:45","guid":{"rendered":"https:\/\/nmctarim.com\/?post_type=product&#038;p=236"},"modified":"2023-10-02T06:49:53","modified_gmt":"2023-10-02T06:49:53","slug":"netafim-flexnet-tm-hp","status":"publish","type":"product","link":"https:\/\/www.nmctarim.com\/index.php\/product\/netafim-flexnet-tm-hp\/","title":{"rendered":"NETAF\u0130M FLEXNET TM HP"},"content":{"rendered":"<p>NETAF\u0130M FLEXNET TM HP F\u0130YATLARI<\/p>\n<p><img data-recalc-dims=\"1\" loading=\"lazy\" decoding=\"async\" class=\" wp-image-237\" src=\"https:\/\/i0.wp.com\/nmctarim.com\/wp-content\/uploads\/2023\/09\/NETAFIM-FLEXNET-TM-HP-FIYATLARI-300x156.png?resize=390%2C203&#038;ssl=1\" alt=\"NETAF\u0130M FLEXNET TM HP F\u0130YATLARI\" width=\"390\" height=\"203\" srcset=\"https:\/\/i0.wp.com\/www.nmctarim.com\/wp-content\/uploads\/2023\/09\/NETAFIM-FLEXNET-TM-HP-FIYATLARI.png?resize=300%2C156&amp;ssl=1 300w, https:\/\/i0.wp.com\/www.nmctarim.com\/wp-content\/uploads\/2023\/09\/NETAFIM-FLEXNET-TM-HP-FIYATLARI.png?resize=600%2C312&amp;ssl=1 600w, https:\/\/i0.wp.com\/www.nmctarim.com\/wp-content\/uploads\/2023\/09\/NETAFIM-FLEXNET-TM-HP-FIYATLARI.png?w=606&amp;ssl=1 606w\" sizes=\"auto, (max-width: 390px) 100vw, 390px\" \/><\/p>\n<p>&nbsp;<\/p>\n","protected":false},"excerpt":{"rendered":"<p>NETAF\u0130M FLEXNET TM HP F\u0130YATLARI<\/p>\n<p>&nbsp;<\/p>\n","protected":false},"featured_media":231,"comment_status":"open","ping_status":"closed","template":"","meta":{"om_disable_all_campaigns":false,"_monsterinsights_skip_tracking":false,"_monsterinsights_sitenote_active":false,"_monsterinsights_sitenote_note":"","_monsterinsights_sitenote_category":0,"jetpack_publicize_message":"","jetpack_publicize_feature_enabled":true,"jetpack_social_post_already_shared":false,"jetpack_social_options":{"image_generator_settings":{"template":"highway","default_image_id":0,"font":"","enabled":false},"version":2}},"product_brand":[],"product_cat":[90],"product_tag":[93,92,95,94],"class_list":{"0":"post-236","1":"product","2":"type-product","3":"status-publish","4":"has-post-thumbnail","6":"product_cat-flexnet-sistemi","7":"product_tag-netafim-flex-net","8":"product_tag-netafim-flexnet","9":"product_tag-netafim-flexnet-fiyati","10":"product_tag-netafim-flexnet-fiyatlari","12":"first","13":"instock","14":"shipping-taxable","15":"purchasable","16":"product-type-simple"},"aioseo_notices":[],"jetpack_publicize_connections":[],"jetpack_sharing_enabled":true,"_links":{"self":[{"href":"https:\/\/www.nmctarim.com\/index.php\/wp-json\/wp\/v2\/product\/236","targetHints":{"allow":["GET"]}}],"collection":[{"href":"https:\/\/www.nmctarim.com\/index.php\/wp-json\/wp\/v2\/product"}],"about":[{"href":"https:\/\/www.nmctarim.com\/index.php\/wp-json\/wp\/v2\/types\/product"}],"replies":[{"embeddable":true,"href":"https:\/\/www.nmctarim.com\/index.php\/wp-json\/wp\/v2\/comments?post=236"}],"wp:featuredmedia":[{"embeddable":true,"href":"https:\/\/www.nmctarim.com\/index.php\/wp-json\/wp\/v2\/media\/231"}],"wp:attachment":[{"href":"https:\/\/www.nmctarim.com\/index.php\/wp-json\/wp\/v2\/media?parent=236"}],"wp:term":[{"taxonomy":"product_brand","embeddable":true,"href":"https:\/\/www.nmctarim.com\/index.php\/wp-json\/wp\/v2\/product_brand?post=236"},{"taxonomy":"product_cat","embeddable":true,"href":"https:\/\/www.nmctarim.com\/index.php\/wp-json\/wp\/v2\/product_cat?post=236"},{"taxonomy":"product_tag","embeddable":true,"href":"https:\/\/www.nmctarim.com\/index.php\/wp-json\/wp\/v2\/product_tag?post=236"}],"curies":[{"name":"wp","href":"https:\/\/api.w.org\/{rel}","templated":true}]}}