{"id":128,"date":"2018-10-23T18:43:59","date_gmt":"2018-10-23T15:43:59","guid":{"rendered":"http:\/\/demo.temavadisi.com\/vadimarket\/?page_id=126"},"modified":"2026-04-16T10:08:16","modified_gmt":"2026-04-16T10:08:16","slug":"hakkimizda","status":"publish","type":"page","link":"https:\/\/www.nmctarim.com\/index.php\/hakkimizda\/","title":{"rendered":"Hakk\u0131m\u0131zda"},"content":{"rendered":"\n<p><em>2013  y\u0131l\u0131nda kurdu\u011fumuz Nmc Tar\u0131m, toptan \u00fcretim ile ba\u015flad\u0131\u011f\u0131 giri\u015fimcilik ser\u00fcvenini ma\u011fazac\u0131l\u0131k ve e-ticaret ile g\u00fc\u00e7lendirmeyi ba\u015farm\u0131\u015f, \u015fubeleri ile de bu ser\u00fcveni en ileri boyuta ta\u015f\u0131m\u0131\u015ft\u0131r. Sundu\u011fumuz kullan\u0131c\u0131 \u00f6ncelikli stratejilerimiz ve ayr\u0131cal\u0131kl\u0131 m\u00fc\u015fteri portf\u00f6y\u00fc ile de\u011ferini paha bi\u00e7ilemez \u015fekilde ikiye katlayarak, marka de\u011ferimizi hassasiyetle zirveye ta\u015f\u0131may\u0131 ba\u015fard\u0131k. D\u00fcnya standartlar\u0131n\u0131 g\u00f6z \u00f6n\u00fcnde bulundurarak \u00e7\u00f6z\u00fcm ve g\u00fcven i\u00e7erikli ilkemiz ile yola \u00e7\u0131kt\u0131\u011f\u0131m\u0131z bu ser\u00fcvende; otorite ray\u0131ndan \u00e7\u0131kmayarak, istikrarl\u0131 \u015fekilde say\u0131s\u0131z m\u00fc\u015fteriye en iyi marka sahipli\u011fini yapm\u0131\u015f durumday\u0131z.<br><br>Kurulu\u015fundan g\u00fcn\u00fcm\u00fcze s\u00fcregelen profesyonellik, empati odakl\u0131, d\u00fcr\u00fcstl\u00fck ve geli\u015fime a\u00e7\u0131k bak\u0131\u015f a\u00e7\u0131m\u0131z ile istikrarl\u0131 b\u00fcy\u00fcme sergileyerek, e-ticaret d\u00fcnyas\u0131nda sayg\u0131n bir konuma y\u00fckselmeye hak kazand\u0131k.<br><br>Markam\u0131z; Nmc Tar\u0131m alan\u0131nda en kaliteli \u00fcr\u00fcnleri, t\u00fcketiciye en uygun fiyat ile sunma amac\u0131yla kurulmu\u015f olup, geride b\u0131rakt\u0131\u011f\u0131m\u0131z 10 y\u0131l boyunca da, sekt\u00f6rde yakla\u015f\u0131m\u0131m\u0131z\u0131 ayn\u0131 titizlik d\u00e2hilinde korumaya devam etmekteyiz.<br><br>Markam\u0131z \u00fczerinden ger\u00e7ekle\u015ftirdi\u011finiz t\u00fcm al\u0131\u015fveri\u015flerinizde; ma\u011fduriyet i\u00e7ermeyen, h\u0131zl\u0131 teslimat, iptal\/iade\/de\u011fi\u015fim bilinci ile yakla\u015f\u0131m\u0131n\u0131 sa\u011flayan m\u00fc\u015fteri temsilcilerimiz ile en keyifli al\u0131\u015fveri\u015f deneyimini ya\u015famay\u0131 m\u00fcmk\u00fcn k\u0131l\u0131yoruz.<br><br>Sekt\u00f6rdeki son geli\u015fmeleri ve kullan\u0131c\u0131 alan\u0131ndaki g\u00fcncel talepleri takip ederek, \u00e7a\u011fda\u015f d\u00fczeydeki teknolojiyle bulu\u015fturdu\u011fumuz web adresimizi sizlere sunuyor, en iyi ekip arkada\u015flar\u0131m\u0131z, g\u00fc\u00e7l\u00fc ve profesyonel idari y\u00f6netimimiz ile takibini ger\u00e7ekle\u015ftirerek, t\u00fcketici haklar\u0131n\u0131 en iyi \u015fekilde ya\u015faman\u0131z\u0131 elde etmenizi sa\u011fl\u0131yoruz.<br><br>Hedefimiz; kullan\u0131c\u0131 deneyimi ile e-ticaret camias\u0131nda \u201cziyaret\u00e7i memnuniyeti en y\u00fcksek\u201d konumuna ula\u015farak, halk\u0131n takdirini kazanmak ve sitemizden sorunsuz, mutlu t\u00fcketici konumunda ayr\u0131lman\u0131z\u0131 sa\u011flamak.<\/em><\/p>\n\n\n\n<p><em>\u00d6rnek nitelikle misyonunu geni\u015fleterek, projelerini hayata ge\u00e7irmeye devam eden markam\u0131z, standartlar\u0131n \u00fcst\u00fcnde kaliteyle \u00f6nc\u00fcl\u00fck ederek, bir\u00e7ok memnuniyet beraberinde ba\u015far\u0131l\u0131 i\u015flere imzas\u0131n\u0131 atarak ba\u015far\u0131s\u0131na ba\u015far\u0131 katacak, g\u00fc\u00e7l\u00fc kadro d\u00e2hilinde sorun odakl\u0131 \u00e7al\u0131\u015fma prensibi ile organizasyonel \u015fekilde sizin memnuniyetinizi sa\u011flamaya devam edecektir.<\/em><\/p>\n\n\n\n<p><strong>NMC Tar\u0131m Sera Teknolojileri Ltd. \u015eti.<\/strong><\/p>\n","protected":false},"excerpt":{"rendered":"<p>2013 y\u0131l\u0131nda kurdu\u011fumuz Nmc Tar\u0131m, toptan \u00fcretim ile ba\u015flad\u0131\u011f\u0131 giri\u015fimcilik ser\u00fcvenini ma\u011fazac\u0131l\u0131k ve e-ticaret ile g\u00fc\u00e7lendirmeyi ba\u015farm\u0131\u015f, \u015fubeleri ile de bu ser\u00fcveni en ileri boyuta ta\u015f\u0131m\u0131\u015ft\u0131r. Sundu\u011fumuz kullan\u0131c\u0131 \u00f6ncelikli stratejilerimiz ve ayr\u0131cal\u0131kl\u0131 m\u00fc\u015fteri portf\u00f6y\u00fc ile de\u011ferini paha bi\u00e7ilemez \u015fekilde ikiye katlayarak, marka de\u011ferimizi hassasiyetle zirveye ta\u015f\u0131may\u0131 ba\u015fard\u0131k. D\u00fcnya standartlar\u0131n\u0131 g\u00f6z \u00f6n\u00fcnde bulundurarak \u00e7\u00f6z\u00fcm ve g\u00fcven..<\/p>\n","protected":false},"author":1,"featured_media":0,"parent":0,"menu_order":0,"comment_status":"closed","ping_status":"closed","template":"","meta":{"om_disable_all_campaigns":false,"_monsterinsights_skip_tracking":false,"_monsterinsights_sitenote_active":false,"_monsterinsights_sitenote_note":"","_monsterinsights_sitenote_category":0,"footnotes":""},"class_list":["post-128","page","type-page","status-publish","hentry"],"aioseo_notices":[],"jetpack_sharing_enabled":true,"_links":{"self":[{"href":"https:\/\/www.nmctarim.com\/index.php\/wp-json\/wp\/v2\/pages\/128","targetHints":{"allow":["GET"]}}],"collection":[{"href":"https:\/\/www.nmctarim.com\/index.php\/wp-json\/wp\/v2\/pages"}],"about":[{"href":"https:\/\/www.nmctarim.com\/index.php\/wp-json\/wp\/v2\/types\/page"}],"author":[{"embeddable":true,"href":"https:\/\/www.nmctarim.com\/index.php\/wp-json\/wp\/v2\/users\/1"}],"replies":[{"embeddable":true,"href":"https:\/\/www.nmctarim.com\/index.php\/wp-json\/wp\/v2\/comments?post=128"}],"version-history":[{"count":3,"href":"https:\/\/www.nmctarim.com\/index.php\/wp-json\/wp\/v2\/pages\/128\/revisions"}],"predecessor-version":[{"id":750,"href":"https:\/\/www.nmctarim.com\/index.php\/wp-json\/wp\/v2\/pages\/128\/revisions\/750"}],"wp:attachment":[{"href":"https:\/\/www.nmctarim.com\/index.php\/wp-json\/wp\/v2\/media?parent=128"}],"curies":[{"name":"wp","href":"https:\/\/api.w.org\/{rel}","templated":true}]}}